{"id":296,"date":"2025-12-18T16:39:07","date_gmt":"2025-12-18T16:39:07","guid":{"rendered":"https:\/\/3six.fr\/?page_id=296"},"modified":"2025-12-18T18:14:30","modified_gmt":"2025-12-18T18:14:30","slug":"formations-techniques","status":"publish","type":"page","link":"https:\/\/3six.fr\/index.php\/formations-techniques\/","title":{"rendered":"Formations techniques"},"content":{"rendered":"\t\t<div data-elementor-type=\"wp-page\" data-elementor-id=\"296\" class=\"elementor elementor-296\" data-elementor-post-type=\"page\">\n\t\t\t\t<div class=\"elementor-element elementor-element-1dde32da e-con-full e-flex e-con e-parent\" data-id=\"1dde32da\" data-element_type=\"container\" data-e-type=\"container\" data-settings=\"{&quot;background_background&quot;:&quot;classic&quot;,&quot;background_motion_fx_motion_fx_scrolling&quot;:&quot;yes&quot;,&quot;background_motion_fx_translateY_effect&quot;:&quot;yes&quot;,&quot;background_motion_fx_translateY_speed&quot;:{&quot;unit&quot;:&quot;px&quot;,&quot;size&quot;:10,&quot;sizes&quot;:[]},&quot;background_motion_fx_opacity_effect&quot;:&quot;yes&quot;,&quot;background_motion_fx_opacity_level&quot;:{&quot;unit&quot;:&quot;px&quot;,&quot;size&quot;:2.5,&quot;sizes&quot;:[]},&quot;background_motion_fx_range&quot;:&quot;page&quot;,&quot;background_motion_fx_translateY_affectedRange&quot;:{&quot;unit&quot;:&quot;%&quot;,&quot;size&quot;:&quot;&quot;,&quot;sizes&quot;:{&quot;start&quot;:0,&quot;end&quot;:100}},&quot;background_motion_fx_opacity_direction&quot;:&quot;out-in&quot;,&quot;background_motion_fx_opacity_range&quot;:{&quot;unit&quot;:&quot;%&quot;,&quot;size&quot;:&quot;&quot;,&quot;sizes&quot;:{&quot;start&quot;:20,&quot;end&quot;:80}},&quot;background_motion_fx_devices&quot;:[&quot;desktop&quot;,&quot;tablet&quot;,&quot;mobile&quot;]}\">\n\t\t\t\t<div class=\"elementor-element elementor-element-447d4b4b elementor-widget elementor-widget-image\" data-id=\"447d4b4b\" data-element_type=\"widget\" data-e-type=\"widget\" data-widget_type=\"image.default\">\n\t\t\t\t\t\t\t\t\t\t\t\t\t\t\t<img decoding=\"async\" src=\"https:\/\/3six.fr\/wp-content\/uploads\/elementor\/thumbs\/Logo_3SIX-rfztv8eucfiiblpatenh9fnxoiqwnv8oh8yigdt4nk.png\" title=\"Logo_3SIX\" alt=\"Logo 3six\" loading=\"lazy\" \/>\t\t\t\t\t\t\t\t\t\t\t\t\t\t\t<\/div>\n\t\t\t\t<\/div>\n\t\t<div class=\"elementor-element elementor-element-7eecfc6 e-flex e-con-boxed e-con e-parent\" data-id=\"7eecfc6\" data-element_type=\"container\" data-e-type=\"container\">\n\t\t\t\t\t<div class=\"e-con-inner\">\n\t\t\t\t<div class=\"elementor-element elementor-element-37137383 elementor-widget__width-inherit elementor-widget elementor-widget-heading\" data-id=\"37137383\" data-element_type=\"widget\" data-e-type=\"widget\" data-widget_type=\"heading.default\">\n\t\t\t\t\t<h1 class=\"elementor-heading-title elementor-size-default\">Formations techniques<\/h1>\t\t\t\t<\/div>\n\t\t\t\t<div class=\"elementor-element elementor-element-6d37b4d8 elementor-widget elementor-widget-text-editor\" data-id=\"6d37b4d8\" data-element_type=\"widget\" data-e-type=\"widget\" data-widget_type=\"text-editor.default\">\n\t\t\t\t\t\t\t\t\t<p><strong>S\u00e9curiser les interventions, prot\u00e9ger les \u00e9quipes et garantir la conformit\u00e9 r\u00e9glementaire.<\/strong><\/p>\t\t\t\t\t\t\t\t<\/div>\n\t\t\t\t\t<\/div>\n\t\t\t\t<\/div>\n\t\t<div class=\"elementor-element elementor-element-e18de83 e-grid e-con-boxed e-con e-parent\" data-id=\"e18de83\" data-element_type=\"container\" data-e-type=\"container\">\n\t\t\t\t\t<div class=\"e-con-inner\">\n\t\t\t\t<div class=\"elementor-element elementor-element-8679d38 elementor-align-right elementor-mobile-align-center elementor-widget elementor-widget-button\" data-id=\"8679d38\" data-element_type=\"widget\" data-e-type=\"widget\" data-widget_type=\"button.default\">\n\t\t\t\t\t\t\t\t\t\t<a class=\"elementor-button elementor-button-link elementor-size-sm\" href=\"#AIPR\">\n\t\t\t\t\t\t<span class=\"elementor-button-content-wrapper\">\n\t\t\t\t\t\t\t\t\t<span class=\"elementor-button-text\">AIPR<\/span>\n\t\t\t\t\t<\/span>\n\t\t\t\t\t<\/a>\n\t\t\t\t\t\t\t\t<\/div>\n\t\t\t\t<div class=\"elementor-element elementor-element-ad9cce5 elementor-align-center elementor-widget elementor-widget-button\" data-id=\"ad9cce5\" data-element_type=\"widget\" data-e-type=\"widget\" data-widget_type=\"button.default\">\n\t\t\t\t\t\t\t\t\t\t<a class=\"elementor-button elementor-button-link elementor-size-sm\" href=\"#travaux-en-hauteur\">\n\t\t\t\t\t\t<span class=\"elementor-button-content-wrapper\">\n\t\t\t\t\t\t\t\t\t<span class=\"elementor-button-text\">Travaux en hauteur<\/span>\n\t\t\t\t\t<\/span>\n\t\t\t\t\t<\/a>\n\t\t\t\t\t\t\t\t<\/div>\n\t\t\t\t<div class=\"elementor-element elementor-element-4c84d6a elementor-align-left elementor-mobile-align-center elementor-widget elementor-widget-button\" data-id=\"4c84d6a\" data-element_type=\"widget\" data-e-type=\"widget\" data-widget_type=\"button.default\">\n\t\t\t\t\t\t\t\t\t\t<a class=\"elementor-button elementor-button-link elementor-size-sm\" href=\"#BF-HF\">\n\t\t\t\t\t\t<span class=\"elementor-button-content-wrapper\">\n\t\t\t\t\t\t\t\t\t<span class=\"elementor-button-text\">BF-HF<\/span>\n\t\t\t\t\t<\/span>\n\t\t\t\t\t<\/a>\n\t\t\t\t\t\t\t\t<\/div>\n\t\t\t\t\t<\/div>\n\t\t\t\t<\/div>\n\t\t<div class=\"elementor-element elementor-element-1f856424 e-flex e-con-boxed e-con e-parent\" data-id=\"1f856424\" data-element_type=\"container\" data-e-type=\"container\">\n\t\t\t\t\t<div class=\"e-con-inner\">\n\t\t\t\t<div class=\"elementor-element elementor-element-a6eca3a elementor-widget elementor-widget-text-editor\" data-id=\"a6eca3a\" data-element_type=\"widget\" data-e-type=\"widget\" data-widget_type=\"text-editor.default\">\n\t\t\t\t\t\t\t\t\t<p>Les formations techniques 3SIX s\u2019adressent aux entreprises, collectivit\u00e9s et ind\u00e9pendants expos\u00e9s \u00e0 des risques terrain.<br data-start=\"1458\" data-end=\"1461\" \/>Elles combinent exigences r\u00e9glementaires, retours d\u2019exp\u00e9rience concrets et m\u00e9thodes applicables imm\u00e9diatement sur chantier.<\/p>\t\t\t\t\t\t\t\t<\/div>\n\t\t\t\t\t<\/div>\n\t\t\t\t<\/div>\n\t\t<div class=\"elementor-element elementor-element-347b60eb e-grid e-con-boxed e-con e-parent\" data-id=\"347b60eb\" data-element_type=\"container\" data-e-type=\"container\">\n\t\t\t\t\t<div class=\"e-con-inner\">\n\t\t<div class=\"elementor-element elementor-element-729fd5b9 e-con-full e-flex e-con e-child\" data-id=\"729fd5b9\" data-element_type=\"container\" data-e-type=\"container\">\n\t\t\t\t<div class=\"elementor-element elementor-element-c6a4f74 elementor-widget elementor-widget-menu-anchor\" data-id=\"c6a4f74\" data-element_type=\"widget\" data-e-type=\"widget\" data-widget_type=\"menu-anchor.default\">\n\t\t\t\t\t\t\t<div class=\"elementor-menu-anchor\" id=\"AIPR\"><\/div>\n\t\t\t\t\t\t<\/div>\n\t\t\t\t<div class=\"elementor-element elementor-element-7940808b elementor-widget elementor-widget-heading\" data-id=\"7940808b\" data-element_type=\"widget\" data-e-type=\"widget\" data-widget_type=\"heading.default\">\n\t\t\t\t\t<h2 class=\"elementor-heading-title elementor-size-default\">AIPR \u2013 Autorisation d\u2019Intervention \u00e0 Proximit\u00e9 des R\u00e9seaux<\/h2>\t\t\t\t<\/div>\n\t\t\t\t<div class=\"elementor-element elementor-element-2fe2f985 elementor-widget elementor-widget-text-editor\" data-id=\"2fe2f985\" data-element_type=\"widget\" data-e-type=\"widget\" data-widget_type=\"text-editor.default\">\n\t\t\t\t\t\t\t\t\t<p>Obligatoire pour toute intervention \u00e0 proximit\u00e9 de r\u00e9seaux enterr\u00e9s ou a\u00e9riens.<\/p><p data-start=\"1894\" data-end=\"1933\"><strong data-start=\"1894\" data-end=\"1933\">Pourquoi ?\u00a0<\/strong><\/p><ul data-start=\"1934\" data-end=\"2083\"><li data-start=\"1934\" data-end=\"1974\"><p data-start=\"1936\" data-end=\"1974\">Pr\u00e9venir les endommagements de r\u00e9seaux<\/p><\/li><li data-start=\"1975\" data-end=\"2014\"><p data-start=\"1977\" data-end=\"2014\">Prot\u00e9ger les \u00e9quipes et les chantiers<\/p><\/li><li data-start=\"2015\" data-end=\"2048\"><p data-start=\"2017\" data-end=\"2048\">\u00c9viter les sanctions et litiges<\/p><\/li><li data-start=\"2049\" data-end=\"2083\"><p data-start=\"2051\" data-end=\"2083\">\u00catre en conformit\u00e9 r\u00e9glementaire<\/p><\/li><\/ul><p data-start=\"2085\" data-end=\"2097\"><strong data-start=\"2085\" data-end=\"2097\">Pour qui ?<\/strong><\/p><ul data-start=\"2098\" data-end=\"2181\"><li data-start=\"2098\" data-end=\"2110\"><p data-start=\"2100\" data-end=\"2110\">Op\u00e9rateurs<\/p><\/li><li data-start=\"2111\" data-end=\"2123\"><p data-start=\"2113\" data-end=\"2123\">Encadrants<\/p><\/li><li data-start=\"2124\" data-end=\"2145\"><p data-start=\"2126\" data-end=\"2145\">Charg\u00e9s de chantier<\/p><\/li><li data-start=\"2146\" data-end=\"2181\"><p data-start=\"2148\" data-end=\"2181\">Agents techniques \/ espaces verts<\/p><\/li><\/ul><p data-start=\"2183\" data-end=\"2203\"><strong data-start=\"2183\" data-end=\"2203\">Formats propos\u00e9s<\/strong><\/p><ul data-start=\"2204\" data-end=\"2315\"><li data-start=\"2204\" data-end=\"2249\"><p data-start=\"2206\" data-end=\"2249\"><strong data-start=\"2206\" data-end=\"2226\">Inter-entreprise<\/strong>\u00a0<\/p><\/li><li data-start=\"2250\" data-end=\"2315\"><p data-start=\"2252\" data-end=\"2315\"><strong data-start=\"2252\" data-end=\"2272\">Intra-entreprise<\/strong><\/p><\/li><\/ul>\t\t\t\t\t\t\t\t<\/div>\n\t\t\t\t<div class=\"elementor-element elementor-element-2e80538d elementor-align-left elementor-widget elementor-widget-button\" data-id=\"2e80538d\" data-element_type=\"widget\" data-e-type=\"widget\" data-widget_type=\"button.default\">\n\t\t\t\t\t\t\t\t\t\t<a class=\"elementor-button elementor-button-link elementor-size-sm\" href=\"https:\/\/forms.gle\/wPq9epJMPhYN1PME9\">\n\t\t\t\t\t\t<span class=\"elementor-button-content-wrapper\">\n\t\t\t\t\t\t\t\t\t<span class=\"elementor-button-text\">Demander un devis en ligne<\/span>\n\t\t\t\t\t<\/span>\n\t\t\t\t\t<\/a>\n\t\t\t\t\t\t\t\t<\/div>\n\t\t\t\t<div class=\"elementor-element elementor-element-37b99e01 elementor-align-left elementor-widget elementor-widget-button\" data-id=\"37b99e01\" data-element_type=\"widget\" data-e-type=\"widget\" data-widget_type=\"button.default\">\n\t\t\t\t\t\t\t\t\t\t<a class=\"elementor-button elementor-button-link elementor-size-sm\" href=\"https:\/\/3six.fr\/index.php\/contact\/\">\n\t\t\t\t\t\t<span class=\"elementor-button-content-wrapper\">\n\t\t\t\t\t\t\t\t\t<span class=\"elementor-button-text\">Nous contacter<\/span>\n\t\t\t\t\t<\/span>\n\t\t\t\t\t<\/a>\n\t\t\t\t\t\t\t\t<\/div>\n\t\t\t\t<\/div>\n\t\t\t\t<div class=\"elementor-element elementor-element-b0f509b elementor-widget elementor-widget-image\" data-id=\"b0f509b\" data-element_type=\"widget\" data-e-type=\"widget\" data-widget_type=\"image.default\">\n\t\t\t\t\t\t\t\t\t\t\t\t\t\t\t<img fetchpriority=\"high\" decoding=\"async\" width=\"768\" height=\"960\" src=\"https:\/\/3six.fr\/wp-content\/uploads\/2025\/12\/3SIX_photo_chantier_AIPR-768x960.jpg\" class=\"attachment-medium_large size-medium_large wp-image-299\" alt=\"3SIX photo chantier AIPR\" srcset=\"https:\/\/3six.fr\/wp-content\/uploads\/2025\/12\/3SIX_photo_chantier_AIPR-768x960.jpg 768w, https:\/\/3six.fr\/wp-content\/uploads\/2025\/12\/3SIX_photo_chantier_AIPR-240x300.jpg 240w, https:\/\/3six.fr\/wp-content\/uploads\/2025\/12\/3SIX_photo_chantier_AIPR-819x1024.jpg 819w, https:\/\/3six.fr\/wp-content\/uploads\/2025\/12\/3SIX_photo_chantier_AIPR-1229x1536.jpg 1229w, https:\/\/3six.fr\/wp-content\/uploads\/2025\/12\/3SIX_photo_chantier_AIPR-1639x2048.jpg 1639w, https:\/\/3six.fr\/wp-content\/uploads\/2025\/12\/3SIX_photo_chantier_AIPR-scaled.jpg 2048w\" sizes=\"(max-width: 768px) 100vw, 768px\" \/>\t\t\t\t\t\t\t\t\t\t\t\t\t\t\t<\/div>\n\t\t\t\t\t<\/div>\n\t\t\t\t<\/div>\n\t\t<div class=\"elementor-element elementor-element-6c08686 e-grid e-con-boxed e-con e-parent\" data-id=\"6c08686\" data-element_type=\"container\" data-e-type=\"container\">\n\t\t\t\t\t<div class=\"e-con-inner\">\n\t\t\t\t<div class=\"elementor-element elementor-element-3d08098 elementor-widget elementor-widget-image\" data-id=\"3d08098\" data-element_type=\"widget\" data-e-type=\"widget\" data-widget_type=\"image.default\">\n\t\t\t\t\t\t\t\t\t\t\t\t\t\t\t<img decoding=\"async\" width=\"768\" height=\"960\" src=\"https:\/\/3six.fr\/wp-content\/uploads\/2025\/12\/3SIX_Photo_BF-HF-768x960.png\" class=\"attachment-medium_large size-medium_large wp-image-300\" alt=\"3SIX Photo BF HF\" srcset=\"https:\/\/3six.fr\/wp-content\/uploads\/2025\/12\/3SIX_Photo_BF-HF-768x960.png 768w, https:\/\/3six.fr\/wp-content\/uploads\/2025\/12\/3SIX_Photo_BF-HF-240x300.png 240w, https:\/\/3six.fr\/wp-content\/uploads\/2025\/12\/3SIX_Photo_BF-HF-819x1024.png 819w, https:\/\/3six.fr\/wp-content\/uploads\/2025\/12\/3SIX_Photo_BF-HF-1229x1536.png 1229w, https:\/\/3six.fr\/wp-content\/uploads\/2025\/12\/3SIX_Photo_BF-HF-1639x2048.png 1639w, https:\/\/3six.fr\/wp-content\/uploads\/2025\/12\/3SIX_Photo_BF-HF-scaled.png 2048w\" sizes=\"(max-width: 768px) 100vw, 768px\" \/>\t\t\t\t\t\t\t\t\t\t\t\t\t\t\t<\/div>\n\t\t<div class=\"elementor-element elementor-element-8cbd258 e-con-full e-flex e-con e-child\" data-id=\"8cbd258\" data-element_type=\"container\" data-e-type=\"container\">\n\t\t\t\t<div class=\"elementor-element elementor-element-6a5fce8 elementor-widget elementor-widget-menu-anchor\" data-id=\"6a5fce8\" data-element_type=\"widget\" data-e-type=\"widget\" data-widget_type=\"menu-anchor.default\">\n\t\t\t\t\t\t\t<div class=\"elementor-menu-anchor\" id=\"BF-HF\"><\/div>\n\t\t\t\t\t\t<\/div>\n\t\t\t\t<div class=\"elementor-element elementor-element-6de3451 elementor-widget elementor-widget-heading\" data-id=\"6de3451\" data-element_type=\"widget\" data-e-type=\"widget\" data-widget_type=\"heading.default\">\n\t\t\t\t\t<h2 class=\"elementor-heading-title elementor-size-default\">BF-HF \u2013 Habilitation \u00e9lectrique (Basse &amp; Haute Tension)<\/h2>\t\t\t\t<\/div>\n\t\t\t\t<div class=\"elementor-element elementor-element-4b23975 elementor-widget elementor-widget-text-editor\" data-id=\"4b23975\" data-element_type=\"widget\" data-e-type=\"widget\" data-widget_type=\"text-editor.default\">\n\t\t\t\t\t\t\t\t\t<p>Obligatoire pour les op\u00e9rations d\u2019ordre non \u00e9lectrique <b>\u00e0 proximit\u00e9<\/b> de r\u00e9seaux \u00e9lectriques enterr\u00e9s.<\/p><p data-start=\"1894\" data-end=\"1933\"><strong data-start=\"1894\" data-end=\"1933\">Pourquoi ?\u00a0<\/strong><\/p><ul><li data-start=\"2632\" data-end=\"2670\"><p data-start=\"2634\" data-end=\"2670\">Pr\u00e9venir les risques d\u2019\u00e9lectrocution<\/p><\/li><li data-start=\"2671\" data-end=\"2705\"><p data-start=\"2673\" data-end=\"2705\">S\u00e9curiser les travaux en fouille<\/p><\/li><li data-start=\"2706\" data-end=\"2758\"><p data-start=\"2708\" data-end=\"2758\">R\u00e9pondre \u00e0 l\u2019obligation de r\u00e9sultat de l\u2019employeur<\/p><\/li><li data-start=\"2759\" data-end=\"2790\"><p data-start=\"2761\" data-end=\"2790\">Compl\u00e9ter efficacement l\u2019AIPR<\/p><\/li><\/ul><p data-start=\"2976\" data-end=\"2988\"><strong data-start=\"2976\" data-end=\"2988\">Pour qui<\/strong><\/p><ul data-start=\"2989\" data-end=\"3091\"><li data-start=\"2989\" data-end=\"3005\"><p data-start=\"2991\" data-end=\"3005\">Op\u00e9rateurs VRD<\/p><\/li><li data-start=\"3006\" data-end=\"3028\"><p data-start=\"3008\" data-end=\"3028\">Conducteurs d\u2019engins<\/p><\/li><li data-start=\"3029\" data-end=\"3053\"><p data-start=\"3031\" data-end=\"3053\">Encadrants de chantier<\/p><\/li><li data-start=\"3054\" data-end=\"3091\"><p data-start=\"3056\" data-end=\"3091\">Services techniques \/ espaces verts<\/p><\/li><\/ul><p data-start=\"3093\" data-end=\"3113\"><strong data-start=\"3093\" data-end=\"3113\">Formats propos\u00e9s<\/strong><\/p><ul data-start=\"3114\" data-end=\"3151\"><li data-start=\"3114\" data-end=\"3132\"><p data-start=\"3116\" data-end=\"3132\">Inter-entreprise<\/p><\/li><li data-start=\"3133\" data-end=\"3151\"><p data-start=\"3135\" data-end=\"3151\">Intra-entreprise<\/p><\/li><\/ul>\t\t\t\t\t\t\t\t<\/div>\n\t\t\t\t<div class=\"elementor-element elementor-element-aae9431 elementor-align-left elementor-widget elementor-widget-button\" data-id=\"aae9431\" data-element_type=\"widget\" data-e-type=\"widget\" data-widget_type=\"button.default\">\n\t\t\t\t\t\t\t\t\t\t<a class=\"elementor-button elementor-button-link elementor-size-sm\" href=\"https:\/\/forms.gle\/wPq9epJMPhYN1PME9\">\n\t\t\t\t\t\t<span class=\"elementor-button-content-wrapper\">\n\t\t\t\t\t\t\t\t\t<span class=\"elementor-button-text\">Demander un devis en ligne<\/span>\n\t\t\t\t\t<\/span>\n\t\t\t\t\t<\/a>\n\t\t\t\t\t\t\t\t<\/div>\n\t\t\t\t<div class=\"elementor-element elementor-element-5155e96 elementor-widget elementor-widget-button\" data-id=\"5155e96\" data-element_type=\"widget\" data-e-type=\"widget\" data-widget_type=\"button.default\">\n\t\t\t\t\t\t\t\t\t\t<a class=\"elementor-button elementor-button-link elementor-size-sm\" href=\"https:\/\/3six.fr\/index.php\/contact\/\">\n\t\t\t\t\t\t<span class=\"elementor-button-content-wrapper\">\n\t\t\t\t\t\t\t\t\t<span class=\"elementor-button-text\">Nous contacter<\/span>\n\t\t\t\t\t<\/span>\n\t\t\t\t\t<\/a>\n\t\t\t\t\t\t\t\t<\/div>\n\t\t\t\t<\/div>\n\t\t\t\t\t<\/div>\n\t\t\t\t<\/div>\n\t\t<div class=\"elementor-element elementor-element-4d61b94 e-grid e-con-boxed e-con e-parent\" data-id=\"4d61b94\" data-element_type=\"container\" data-e-type=\"container\">\n\t\t\t\t\t<div class=\"e-con-inner\">\n\t\t<div class=\"elementor-element elementor-element-f488a4e e-con-full e-flex e-con e-child\" data-id=\"f488a4e\" data-element_type=\"container\" data-e-type=\"container\">\n\t\t\t\t<div class=\"elementor-element elementor-element-0ec9c50 elementor-widget elementor-widget-menu-anchor\" data-id=\"0ec9c50\" data-element_type=\"widget\" data-e-type=\"widget\" data-widget_type=\"menu-anchor.default\">\n\t\t\t\t\t\t\t<div class=\"elementor-menu-anchor\" id=\"travaux-en-hauteur\"><\/div>\n\t\t\t\t\t\t<\/div>\n\t\t\t\t<div class=\"elementor-element elementor-element-87c8a47 elementor-widget elementor-widget-heading\" data-id=\"87c8a47\" data-element_type=\"widget\" data-e-type=\"widget\" data-widget_type=\"heading.default\">\n\t\t\t\t\t<h2 class=\"elementor-heading-title elementor-size-default\">Travaux en hauteur \u2013 Pr\u00e9vention et s\u00e9curit\u00e9<\/h2>\t\t\t\t<\/div>\n\t\t\t\t<div class=\"elementor-element elementor-element-e1d75d2 elementor-widget elementor-widget-text-editor\" data-id=\"e1d75d2\" data-element_type=\"widget\" data-e-type=\"widget\" data-widget_type=\"text-editor.default\">\n\t\t\t\t\t\t\t\t\t<p>Former pour intervenir en hauteur en s\u00e9curit\u00e9, dans des conditions r\u00e9elles de terrain.<\/p><p data-start=\"1894\" data-end=\"1933\"><strong data-start=\"1894\" data-end=\"1933\">Pourquoi ?\u00a0<\/strong><\/p><ul data-start=\"3471\" data-end=\"3627\"><li data-start=\"3471\" data-end=\"3503\"><p data-start=\"3473\" data-end=\"3503\">Ma\u00eetriser les risques de chute<\/p><\/li><li data-start=\"3504\" data-end=\"3542\"><p data-start=\"3506\" data-end=\"3542\">Utiliser les \u00e9quipements en s\u00e9curit\u00e9<\/p><\/li><li data-start=\"3543\" data-end=\"3589\"><p data-start=\"3545\" data-end=\"3589\">Adapter les m\u00e9thodes aux contraintes r\u00e9elles<\/p><\/li><li data-start=\"3590\" data-end=\"3627\"><p data-start=\"3592\" data-end=\"3627\">Prot\u00e9ger les \u00e9quipes et l\u2019employeur<\/p><\/li><\/ul><p data-start=\"3629\" data-end=\"3641\"><strong data-start=\"3629\" data-end=\"3641\">Pour qui<\/strong><\/p><ul data-start=\"3642\" data-end=\"3731\"><li data-start=\"3642\" data-end=\"3655\"><p data-start=\"3644\" data-end=\"3655\">Techniciens<\/p><\/li><li data-start=\"3656\" data-end=\"3679\"><p data-start=\"3658\" data-end=\"3679\">Agents de maintenance<\/p><\/li><li data-start=\"3680\" data-end=\"3715\"><p data-start=\"3682\" data-end=\"3715\">Intervenants b\u00e2timent \/ industrie<\/p><\/li><li data-start=\"3716\" data-end=\"3731\"><p data-start=\"3718\" data-end=\"3731\">Collectivit\u00e9s<\/p><\/li><\/ul><p data-start=\"3733\" data-end=\"3753\"><strong data-start=\"3733\" data-end=\"3753\">Formats propos\u00e9s<\/strong><\/p><ul data-start=\"3754\" data-end=\"3841\"><li data-start=\"3754\" data-end=\"3784\"><p data-start=\"3756\" data-end=\"3784\">Intra-entreprise privil\u00e9gi\u00e9e<\/p><\/li><li data-start=\"3785\" data-end=\"3841\"><p data-start=\"3787\" data-end=\"3841\">Contenus adapt\u00e9s aux situations r\u00e9elles des stagiaires<\/p><\/li><\/ul>\t\t\t\t\t\t\t\t<\/div>\n\t\t\t\t<div class=\"elementor-element elementor-element-32a58c3 elementor-align-left elementor-widget elementor-widget-button\" data-id=\"32a58c3\" data-element_type=\"widget\" data-e-type=\"widget\" data-widget_type=\"button.default\">\n\t\t\t\t\t\t\t\t\t\t<a class=\"elementor-button elementor-button-link elementor-size-sm\" href=\"https:\/\/3six.fr\/index.php\/contact\/\">\n\t\t\t\t\t\t<span class=\"elementor-button-content-wrapper\">\n\t\t\t\t\t\t\t\t\t<span class=\"elementor-button-text\">Nous contacter<\/span>\n\t\t\t\t\t<\/span>\n\t\t\t\t\t<\/a>\n\t\t\t\t\t\t\t\t<\/div>\n\t\t\t\t<\/div>\n\t\t\t\t<div class=\"elementor-element elementor-element-2f2c25a elementor-widget elementor-widget-image\" data-id=\"2f2c25a\" data-element_type=\"widget\" data-e-type=\"widget\" data-widget_type=\"image.default\">\n\t\t\t\t\t\t\t\t\t\t\t\t\t\t\t<img fetchpriority=\"high\" decoding=\"async\" width=\"768\" height=\"960\" src=\"https:\/\/3six.fr\/wp-content\/uploads\/2025\/12\/3SIX_photo_chantier_AIPR-768x960.jpg\" class=\"attachment-medium_large size-medium_large wp-image-299\" alt=\"3SIX photo chantier AIPR\" srcset=\"https:\/\/3six.fr\/wp-content\/uploads\/2025\/12\/3SIX_photo_chantier_AIPR-768x960.jpg 768w, https:\/\/3six.fr\/wp-content\/uploads\/2025\/12\/3SIX_photo_chantier_AIPR-240x300.jpg 240w, https:\/\/3six.fr\/wp-content\/uploads\/2025\/12\/3SIX_photo_chantier_AIPR-819x1024.jpg 819w, https:\/\/3six.fr\/wp-content\/uploads\/2025\/12\/3SIX_photo_chantier_AIPR-1229x1536.jpg 1229w, https:\/\/3six.fr\/wp-content\/uploads\/2025\/12\/3SIX_photo_chantier_AIPR-1639x2048.jpg 1639w, https:\/\/3six.fr\/wp-content\/uploads\/2025\/12\/3SIX_photo_chantier_AIPR-scaled.jpg 2048w\" sizes=\"(max-width: 768px) 100vw, 768px\" \/>\t\t\t\t\t\t\t\t\t\t\t\t\t\t\t<\/div>\n\t\t\t\t\t<\/div>\n\t\t\t\t<\/div>\n\t\t<div class=\"elementor-element elementor-element-4de20902 e-flex e-con-boxed e-con e-parent\" data-id=\"4de20902\" data-element_type=\"container\" data-e-type=\"container\">\n\t\t\t\t\t<div class=\"e-con-inner\">\n\t\t\t\t<div class=\"elementor-element elementor-element-772730b9 elementor-widget elementor-widget-heading\" data-id=\"772730b9\" data-element_type=\"widget\" data-e-type=\"widget\" data-widget_type=\"heading.default\">\n\t\t\t\t\t<h2 class=\"elementor-heading-title elementor-size-default\">Pourquoi 3SIX ?<\/h2>\t\t\t\t<\/div>\n\t\t\t\t<div class=\"elementor-element elementor-element-2c3729b0 elementor-widget__width-initial elementor-widget elementor-widget-text-editor\" data-id=\"2c3729b0\" data-element_type=\"widget\" data-e-type=\"widget\" data-widget_type=\"text-editor.default\">\n\t\t\t\t\t\t\t\t\t<ul><li data-start=\"4058\" data-end=\"4114\"><p data-start=\"4060\" data-end=\"4114\">Formations anim\u00e9es par un <strong data-start=\"4086\" data-end=\"4114\">professionnel de terrain<\/strong><\/p><\/li><li data-start=\"4115\" data-end=\"4160\"><p data-start=\"4117\" data-end=\"4160\">Approche concr\u00e8te, applicable imm\u00e9diatement<\/p><\/li><li data-start=\"4161\" data-end=\"4206\"><p data-start=\"4163\" data-end=\"4206\">Groupes limit\u00e9s pour un accompagnement r\u00e9el<\/p><\/li><li data-start=\"4207\" data-end=\"4259\"><p data-start=\"4209\" data-end=\"4259\">Possibilit\u00e9 d\u2019adapter les contenus \u00e0 vos chantiers<\/p><\/li><li data-start=\"4260\" data-end=\"4310\"><p data-start=\"4262\" data-end=\"4310\">Formations finan\u00e7ables (OPCO \/ FAF selon profil)<\/p><\/li><\/ul><div>\u00a0<\/div><p><strong>Vous avez un doute sur la formation adapt\u00e9e \u00e0 votre situation ?<\/strong><\/p>\t\t\t\t\t\t\t\t<\/div>\n\t\t\t\t<div class=\"elementor-element elementor-element-24e2f40 elementor-align-left elementor-widget elementor-widget-button\" data-id=\"24e2f40\" data-element_type=\"widget\" data-e-type=\"widget\" data-widget_type=\"button.default\">\n\t\t\t\t\t\t\t\t\t\t<a class=\"elementor-button elementor-button-link elementor-size-sm\" href=\"https:\/\/3six.fr\/index.php\/contact\/\">\n\t\t\t\t\t\t<span class=\"elementor-button-content-wrapper\">\n\t\t\t\t\t\t\t\t\t<span class=\"elementor-button-text\">Etre conseill\u00e9<\/span>\n\t\t\t\t\t<\/span>\n\t\t\t\t\t<\/a>\n\t\t\t\t\t\t\t\t<\/div>\n\t\t\t\t\t<\/div>\n\t\t\t\t<\/div>\n\t\t<div class=\"elementor-element elementor-element-689d382 e-flex e-con-boxed e-con e-parent\" data-id=\"689d382\" data-element_type=\"container\" data-e-type=\"container\">\n\t\t\t\t\t<div class=\"e-con-inner\">\n\t\t\t\t\t<\/div>\n\t\t\t\t<\/div>\n\t\t\t\t<\/div>\n\t\t","protected":false},"excerpt":{"rendered":"<p>Formations techniques S\u00e9curiser les interventions, prot\u00e9ger les \u00e9quipes et garantir la conformit\u00e9 r\u00e9glementaire. AIPR Travaux en hauteur BF-HF Les formations techniques 3SIX s\u2019adressent aux entreprises, collectivit\u00e9s et ind\u00e9pendants expos\u00e9s \u00e0 des risques terrain.Elles combinent exigences r\u00e9glementaires, retours d\u2019exp\u00e9rience concrets et m\u00e9thodes applicables imm\u00e9diatement sur chantier. AIPR \u2013 Autorisation d\u2019Intervention \u00e0 Proximit\u00e9 des R\u00e9seaux Obligatoire pour [&hellip;]<\/p>\n","protected":false},"author":1,"featured_media":0,"parent":0,"menu_order":1,"comment_status":"closed","ping_status":"closed","template":"","meta":{"slim_seo":{"title":"Formations techniques 3SIX","description":"Formations techniques S\u00e9curiser les interventions, prot\u00e9ger les \u00e9quipes et garantir la conformit\u00e9 r\u00e9glementaire. AIPR Travaux en hauteur BF-HF Les formations te"},"footnotes":""},"class_list":["post-296","page","type-page","status-publish","hentry"],"_links":{"self":[{"href":"https:\/\/3six.fr\/index.php\/wp-json\/wp\/v2\/pages\/296","targetHints":{"allow":["GET"]}}],"collection":[{"href":"https:\/\/3six.fr\/index.php\/wp-json\/wp\/v2\/pages"}],"about":[{"href":"https:\/\/3six.fr\/index.php\/wp-json\/wp\/v2\/types\/page"}],"author":[{"embeddable":true,"href":"https:\/\/3six.fr\/index.php\/wp-json\/wp\/v2\/users\/1"}],"replies":[{"embeddable":true,"href":"https:\/\/3six.fr\/index.php\/wp-json\/wp\/v2\/comments?post=296"}],"version-history":[{"count":26,"href":"https:\/\/3six.fr\/index.php\/wp-json\/wp\/v2\/pages\/296\/revisions"}],"predecessor-version":[{"id":393,"href":"https:\/\/3six.fr\/index.php\/wp-json\/wp\/v2\/pages\/296\/revisions\/393"}],"wp:attachment":[{"href":"https:\/\/3six.fr\/index.php\/wp-json\/wp\/v2\/media?parent=296"}],"curies":[{"name":"wp","href":"https:\/\/api.w.org\/{rel}","templated":true}]}}